Give o(-4).
1
Let n(i) = 9*i**2 + 3*i - 3. Let j(l) = -5*l**2 - l + 2. Let u(m) = -7*j(m) - 4*n(m). Let s(y) = 3*y - 3*y - y. Let c be s(4). What is u(c)?
2
Suppose 0 = 4*r - 2*r - 4*y - 22, -r + y = -7. Let g(z) = -2*z - z**3 - 2 + 2*z**3 + z**2 - 6*z + r*z. Determine g(-3).
-5
Let m be (-3)/((-3)/2) + 1. Let i(w) = -43*w + 13*w - 1 + 23*w. Let h(x) = 4*x + 1. Let z(t) = m*i(t) + 5*h(t). Determine z(5).
-3
Let r(n) = -n**2 - 2*n + 5*n - 1 - 9*n. Suppose -5*w + 3 = 28. Calculate r(w).
4
Let k = 67 + -59. Let j(b) = 2*b - 9. Calculate j(k).
7
Let d(q) = 0*q - 6 - 3*q + q + 2*q**2. Let a(r) = 2*r**2 - 2*r - 5. Let l(w) = -5*a(w) + 4*d(w). Suppose 2*p + 2*p = 8. Determine l(p).
-3
Suppose -1 = o - 2*o. Suppose -2*i - h - 1 = 0, 2*i + i - o = -2*h. Let w(l) = -l**3 - 2*l**2 + 3*l - 1. What is w(i)?
-1
Let p(n) = -n - 5*n - 5*n**2 + 5*n + 1 + 0. What is p(1)?
-5
Let x = -4 + 10. Suppose 0 = 3*m - x*m. Suppose -2*f - 3*d + 4*d - 3 = 0, m = 3*f - 4*d + 17. Let v(n) = -2*n**3 - n**2 - n + 1. Give v(f).
-3
Let t(n) be the second derivative of -n**4/6 + n**3/6 + n**2/2 + 7*n. Determine t(-2).
-9
Let q(j) = -j**3 - j**2 + 2*j + 1. Let l = -6 - -5. Calculate q(l).
-1
Suppose 4 = b - 0. Let c(l) = l**3 - 4*l**2 - 5. Let g be c(b). Let y(v) = -v**3 - 5*v**2 - 2*v - 7. Calculate y(g).
3
Let q(z) = z**3 + 3*z**2 - 3*z + 4. Let f = -71 + 67. What is q(f)?
0
Let p(n) = n**3 + 2*n**2 + 2*n - 2. Let l(v) = -v**3 - 11*v**2 - 11*v - 12. Let k be l(-10). What is p(k)?
-6
Let f(d) = -d**2 + 3 - 11 - 2 + 8 - 3*d. Determine f(-4).
-6
Let k = -36 + 36. Let u(p) = -p + 4. Calculate u(k).
4
Let q(y) = 4*y**3 + 2*y**2 - 5*y + 7. Let a(v) = -7*v**3 - 3*v**2 + 10*v - 13. Let n(g) = -3*a(g) - 5*q(g). What is n(3)?
7
Let u(i) = 2*i**3 - 2*i. Let z(j) = -j**2 + 2*j + 1. Let o(a) = a**3 + 5*a**2 - 11*a - 5. Let y(d) = 2*o(d) + 11*z(d). Let h be y(-1). Give u(h).
-12
Let u(m) = m**2 - 5*m + 4. Let s(x) = x**3 - 2*x**2 + 5. Let j be s(2). Determine u(j).
4
Let v(u) = -3*u + u**3 - 4*u**2 - 4*u**2 + 0*u**2 + 4 + 6*u**2. Let b be v(3). Let m(q) = -3*q + 5. What is m(b)?
-7
Suppose 0*u + 13 = -4*r - u, -4*u = -3*r - 5. Let x = r - -6. Let y(t) = -t. Let c(z) = -z**3 + 3*z**2 - 2*z. Let a(k) = c(k) - y(k). What is a(x)?
-3
Let z(s) = 4*s - 1. Let y(q) = q. Let d(n) = 6*y(n) - 3*z(n). Determine d(2).
-9
Let r(u) = u. Let f(v) = -8*v + 4. Let c(t) = -f(t) - 10*r(t). Give c(-8).
12
Suppose -20*a = -25*a + 15. Let q(v) be the second derivative of v**4/12 - v**3/6 + v**2 - v. Give q(a).
8
Let u(d) be the third derivative of 0 - 1/120*d**6 - d**3 + 1/20*d**5 - 9*d**2 + 0*d + 1/4*d**4. Calculate u(4).
2
Let d(z) = -z - 2*z - 15 - 2*z + 24. Give d(7).
-26
Let p = 0 - 6. Let x(s) = s**3 + 6*s**2 - 2*s - 6. Calculate x(p).
6
Suppose 1 = 2*s + 2*h + 3, 0 = -2*s + h + 1. Let r(x) = 5*x**2 + 6*x + 4. Let i(y) = -9*y**2 - 11*y - 8. Let n(k) = -6*i(k) - 11*r(k). What is n(s)?
4
Let c(o) be the first derivative of -o**3/3 + 3*o**2 - o + 4. Let f(g) be the first derivative of c(g). Calculate f(5).
-4
Suppose 2*s - 1 = 3. Let d(u) = u**2 - u - 1. Let n(v) = -v**3 - 3*v**2 - 7*v - 6. Let l(w) = s*d(w) - n(w). Give l(-4).
0
Suppose -2*q + 16 = 2*q. Suppose 5*i - q = i. Let z be 0 + 4 + 1/i. Let t(c) = -c**2 + 3*c + 7. Give t(z).
-3
Let l(h) = -3*h**2 + 2*h. Let z be l(1). Let j(w) = -4*w**2 + w. Calculate j(z).
-5
Suppose 21 = 5*m + 2*p, -5*p - 19 + 4 = -m. Let v = 9 - m. Let x(k) = -k**2 + 4*k. Determine x(v).
0
Let x(o) be the third derivative of -2*o**5/15 + o**4/12 + o**3/6 + 5*o**2 - 2*o. Determine x(-1).
-9
Suppose 0*f + 4*f + 4*y = -8, -2*f - 5*y = 16. Suppose -f = -2*o - 4. Let c(l) = 12*l - 4. Let w(k) = -13*k + 5. Let v(m) = 5*c(m) + 4*w(m). Determine v(o).
-8
Let q(d) be the second derivative of 5*d**3/6 - 3*d**2/2 + 48*d. Let j be 1/(2*(-2)/(-12)). Calculate q(j).
12
Let d(z) = z**2 + 5*z + 3. Let o = -38 + 35. Determine d(o).
-3
Let n(t) = -2*t + 11. Let l(d) = -2*d + 9. Let b(q) = -3*l(q) + 2*n(q). Calculate b(3).
1
Let h(w) = w + 1. Let d be h(3). Let u(m) = m + 3. Let n(j) = j + 4. Let y(i) = d*n(i) - 5*u(i). Let z be (-4)/(-2)*(-9)/(-6). Calculate y(z).
-2
Let g(c) be the third derivative of -c**4/12 - c**3/3 - 3*c**2. Give g(-2).
2
Let d(j) = j + 2. Let c be -4 + 1 - (9 - 4). Let f(a) = -a - 9. Let m be f(c). Calculate d(m).
1
Let h(p) = -p**2 + p. Let z be h(3). Let n(y) = 0*y + y**3 + 6*y**2 + 2 + 0*y + 0*y**2. Determine n(z).
2
Let o(b) be the second derivative of b**6/60 + b**5/30 + b**3/3 + 5*b**2/2 - 4*b. Let i(l) be the first derivative of o(l). What is i(-2)?
-6
Let m(v) = -v**3 + 6*v**2 + 2. Let u be m(6). Let g(l) = -l**3 + 3*l**2 - 6. Let b(a) = 2*a**3 - 6*a**2 + 13. Let w(o) = 4*b(o) + 9*g(o). Give w(u).
2
Let k(p) = -p**3 + 5*p**2 - p + 7. Let g(h) = h**3 - 4*h**2 + h - 7. Let d(r) = 2*g(r) + 3*k(r). What is d(7)?
0
Let t be 2/(-2*1/(-47)). Suppose p + 20 = 3*o, 5*p - o + t = 17. Let c(j) = -4*j**2 - j**3 + j + 5 + 5*j + 0*j. Give c(p).
0
Let n(x) be the second derivative of x**8/840 - x**6/360 - x**5/120 - x**4/12 + 5*x. Let a(y) be the third derivative of n(y). Calculate a(-1).
-7
Suppose -4*n = 1 + 3. Let t(i) = 4*i - 5*i - 3*i. What is t(n)?
4
Suppose 5*a + 26 = 2*q, 0 = q + 2*q + 3*a + 3. Let r(j) = -j. Determine r(q).
-3
Suppose -2*x = -5*x. Let u = -10 + x. Let d = -9 - u. Let g(r) = -9*r**3 - r**2. Give g(d).
-10
Let s(o) = 0 + 0 - 23*o + 24*o. Suppose -w = -5*w + 32. Let m = w + -5. What is s(m)?
3
Let r(q) = q**2 + 27 - 26 + 0*q + q. Suppose -3*u + 5*u - 6 = 0. Let t = -3 + u. What is r(t)?
1
Let l(v) = -9*v + 8. Let j(i) = 8*i - 7. Let g(d) = 6*j(d) + 5*l(d). Let x be 2*1*9/18. Let b(y) = -y - 1. Let p be b(x). What is g(p)?
-8
Let r(g) = 3*g**2 + 8. Let t(f) = 3*f**2 + f + 9. Let z(l) = -5*r(l) + 4*t(l). Let c(d) = -2*d**2 + 4*d - 4. Let o(p) = -4*c(p) + 3*z(p). Calculate o(-5).
-1
Let q(b) be the second derivative of -b**5 + b**3/3 - b**2/2 - 15*b. Calculate q(1).
-19
Let a(c) = c + 6. Let g(x) = -1. Let m(t) = -a(t) - 5*g(t). Let o(i) = 3*i + 4. Let s(d) = -2*m(d) - o(d). What is s(5)?
-7
Suppose 3*g - 4*g = -1. Let c(z) be the first derivative of -z**2 + 1/3*z**3 - g - 7*z. What is c(5)?
8
Let v(s) = s**3 - 2*s**2 + 2*s - 1. Let r(p) = -2*p - 1. Let x be r(-1). What is v(x)?
0
Let d(j) = j**3 + 3*j**2 + 2*j. Suppose 0 = -3*u - 6 - 3. Determine d(u).
-6
Let z(t) = -t**3 - t**2 - 7. Suppose 0 = -6*s + 2*s. Give z(s).
-7
Let q(a) be the third derivative of -a**6/120 + a**5/12 - 5*a**3/6 + 13*a**2. Determine q(4).
11
Let f be 7 + 4 + 0 + -1. Let l = f - 7. Suppose 2*k - 1 = -l. Let s(g) = -6*g**2 + g. Determine s(k).
-7
Suppose 5*n - z = -13, 1 = 2*n + n - 5*z. Let p be 3 + 1/1 + -1. Let f(h) = -h - h + p*h - 2*h. What is f(n)?
3
Suppose 3*h - 2 = 10. Let b(s) = 11*s**2 + 35*s. Let j(k) = 2*k**2 + 6*k. Let t(a) = -6*b(a) + 34*j(a). Calculate t(h).
8
Let u be 8 + -1*0/2. Suppose -3*m - m - u = 0. Let i(g) = -2*g**2 + 6*g - 6. Let w(p) = -p + 1. Let y(x) = -i(x) - 8*w(x). Determine y(m).
2
Let f be 1/(-1) + 3 - -14. Suppose -3*i + 2*u = -2, -5*i - u + f = 2*u. Suppose -24 = -2*t - i*t. Let b(z) = 2*z - 6. Calculate b(t).
6
Let w(r) = -r + 3. Let d(s) = -3*s - 3. Let j be d(-3). Let y be j*(-1)/((-4)/2). Calculate w(y).
0
Suppose -2*z = -2*g + 14, -g - 5*z - 9 - 8 = 0. Let a = 1 - g. Let n(u) = 2*u - 1. Give n(a).
-5
Let p(u) = -u**2 - 6*u - 4. Let h be p(-4). Let v(n) be the third derivative of -6*n**2 + 0 + 0*n**3 + 1/24*n**4 + 0*n. Calculate v(h).
4
Let k(q) = -q**3 - 5*q**2 - 4. Suppose -5*x + 2*x = 15. What is k(x)?
-4
Let x = -25 + 29. Let u(i) = 4*i + 1. Give u(x).
17
Let i(t) = t**2 + t + 1. Let b(u) = u**2 - 3*u + 2. Let l(a) = -b(a) + 2*i(a). Give l(-5).
0
Let x(b) = -b**2 + b + 5. Let r(d) = -3*d - 3. Let q be r(-1). Determine x(q).
5
Let y(z) = 7*z**3 + z**2 - 8*z - 8. Let o(d) = -3*d**3 + 4*d + 4. Let v(u) = 9*o(u) + 4*y(u). Give v(-4).
-12
Let c(p) = p**2 + 5*p + 5. Let g be c(-4). Let s(t) = -2*t. Let l be s(-2). Let f(x) = -x**2 - l*x**3 + 5*x**2 - 2 + 1 - 2*x**2. Give f(g).
-3
Suppose 0 = t - 0 - 4. Let b(f) = -f**2 + 4*f - 5. Let j be b(t). Let i be 3/9 + j/(-3). Let d(c) = -c + 4. Give d(i).
2
Let t(k) = k**3 - 4*k**2 - k. Let c(b) = -b**3 - 2*b**2 + b - 2. Let n be c(-3). Determine t(n).
-4
Suppose -3*y + 9 = s - y, -4*y = 3*s - 21. Let k(d)